
Let t be ((-196)/21)/(-7) + 2141/3. Let d = -511 + t. What are the prime factors of d?
2, 3, 17
What are the prime factors of (6 + -4)*((-27014)/(-4) - 6)?
5, 2699
Let f = 54 - 81. Suppose 1 = c - 2*c. Let d = c - f. What are the prime factors of d?
2, 13
Let z(v) = 29*v**3 + 5*v**2 - 21*v + 6. Let d be z(4). Suppose -5*w = -d + 123. What are the prime factors of w?
347
Suppose -37*v - 15*v + 333996 = -13*v. What are the prime factors of v?
2, 2141
List the prime factors of (-4)/14*(-417578)/28.
4261
Let q = 16 - 12. Let x be 1/q - (-120)/32. Suppose 2*b + x*z - 114 = 0, -z = -0*z + 1. List the prime factors of b.
59
Let v(r) = r**3 + 6*r**2 + 2. Suppose -5*l + l = 0. Suppose -5 = -0*f + f + 4*x, -2*f - 5*x - 4 = l. What are the prime factors of v(f)?
83
Suppose -2*c - 622 = m, 4*c - 3*m = -8*m - 1244. Let o = 167 + c. Let r = 319 + o. List the prime factors of r.
5, 7
Suppose 4*j = -10 - 110. Let q = -28 - j. Suppose g - n - 91 = 0, -4*g = -q*g + 3*n - 202. List the prime factors of g.
5, 19
Let y(j) = -1753*j + 4. Let k be y(-1). Let f = 2500 - k. What are the prime factors of f?
743
Let h = 66 + -62. Suppose -2*w - h*w + 48 = 0. Suppose 0 = -17*x + w*x + 171. What are the prime factors of x?
19
Let y be 219/7 + 7 + (-459)/63. Suppose -y = 7*h - 136. What are the prime factors of ((-33)/4)/(h/(-40))?
2, 11
Let z(x) = -26*x + 296. Let i be z(11). Suppose i*a - 1182 = 9*a. List the prime factors of a.
2, 3, 197
Let i = -12 - -14. Let q be (160/(-30))/(i/(-69)). Suppose 236 = 4*k - 4*p - 132, 2*k = 3*p + q. What are the prime factors of k?
2, 23
Let u = 149 + 36. Suppose 5*q + 5*s = 870, -q - 7 + u = 5*s. List the prime factors of q.
173
Suppose -20 = 4*h, 170 = 4*o + h - 153. Suppose g = -5*y + o, 14*g - 19*g = -5*y - 440. What are the prime factors of g?
3, 29
Suppose -14*h + 2542045 = 41*h. What are the prime factors of h?
46219
Suppose 2*f = 18*f + 3440. What are the prime factors of (-101222)/f + (-1)/(-5)?
3, 157
Let u(y) = -y**3 + 21*y**2 - 20*y - 6. Let a be u(20). Let s be a/(-9) - 4/(-3). Suppose 0*w + w = -4*l + 29, -4*w + 32 = s*l. List the prime factors of l.
2, 3
Let b(h) = -30*h**3 + h**2 - 6*h + 4. Let c be b(1). Let j(d) = -d**2 - 38*d + 6. List the prime factors of j(c).
223
Suppose 101*g - k = 103*g - 84556, -4*k = -5*g + 211364. List the prime factors of g.
2, 3, 13, 271
Suppose i = 2*i - 69. Suppose -64*l + i*l - 2240 = 0. List the prime factors of l.
2, 7
Let g = -701 - 210. Let c = -535 - g. List the prime factors of c.
2, 47
Let l(n) = -12*n + 82. Let q be l(7). Let s = 108 + -179. Let t = q - s. List the prime factors of t.
3, 23
Let a = -768 - -7909. List the prime factors of a.
37, 193
Let t be 4/7 - 60/(-42). Suppose 2410 = 5*v - 3*a, -v + t*a = -0*a - 489. What are the prime factors of v?
479
Let i(p) be the third derivative of -17*p**4/12 - 13*p**3/6 + 2*p**2. Suppose 15*u + 69 = -21. List the prime factors of i(u).
191
Suppose 5*g - 9863 = -2*f, -566*g - 3 = -567*g. List the prime factors of f.
2, 1231
Let w(f) = 2*f**2 + 23*f + 40. Let u be w(-14). Let r = -155 + u. List the prime factors of (-10230)/r - 2/6.
227
Suppose -r - 11*d = -6*d - 25133, 3*r - 75309 = 3*d. List the prime factors of r.
2, 6277
Suppose -1456*w = -1459*w. Let c be ((-19)/3)/(2/(-108)). Suppose w = -4*t + c - 110. List the prime factors of t.
2, 29
Suppose 17*m - m + 16 = 0. What are the prime factors of ((-3072)/160)/(m/((-50)/(-3)))?
2, 5
Let f = -131 + 158. Suppose -f*r + 10504 = -19*r. What are the prime factors of r?
13, 101
What are the prime factors of 1/2 - 29366/(-14)*(-2730)/(-156)?
2, 3, 7, 19, 23
Suppose -3*l + 2*o + 14960 = 2881, 3*o = 3. What are the prime factors of l?
4027
Let g(y) = -y**3 + 3*y**2 + 34*y - 1. Let h be g(8). Let b = h - -120. Suppose -5*z - 5*i + 320 = 0, -173 - b = -4*z - i. What are the prime factors of z?
2, 3, 5
Let k = 27764 + -19428. List the prime factors of k.
2, 521
Let u(z) = z**3 - 11*z**2 - z - 3. Let c(w) = -w**2 + 11. Let t be c(0). Let l be u(t). Let o = 32 + l. What are the prime factors of o?
2, 3
Let a be (-2)/(4/(-6))*1. Let p = 8479 + -8263. Suppose -3*x - g = -2*x - 214, -x - a*g + p = 0. List the prime factors of x.
3, 71
Let w(o) = -6*o**3 + 16*o**2 + 6*o - 3. Let k be w(3). Suppose 607 = 3*p - 455. List the prime factors of p*k/6*-1.
3, 59
Let t = 7612 + -3430. Suppose -18*g + t = -g. List the prime factors of g.
2, 3, 41
Suppose 4*j - 2088 - 6457 = x, -j = 3*x - 2146. What are the prime factors of j?
2137
Let m(z) = 3*z + 8. Let l be m(-2). Let h(a) = 3*a**2 + a - a**3 - 3*a**2 - 2 + 2*a**l + 5. List the prime factors of h(-2).
17
Let p(u) = -125*u - 2. Let g(y) = -y - 1. Suppose 23*q = 9*q + 14. Let o(c) = q*p(c) - g(c). List the prime factors of o(-1).
3, 41
Suppose -5*p + 78235 = -4*d, -62147 = -3*p - d - 15206. What are the prime factors of p?
15647
Let d(y) = 4764*y**2 - 360*y - 1419. List the prime factors of d(-4).
3, 5, 13, 17, 23
Suppose -5*y - 485 = -5*r, -363 = 10*r - 14*r - y. Let o = r + -97. What are the prime factors of (3 + 153/o)/(4/(-10))?
3, 23
Suppose 5*d - 2*g + 68 = 0, 4*d + 2*g + 56 = 4*g. List the prime factors of (-4 + (-40)/d)/((-6)/1701).
3, 7
Let j(q) = 3*q**3 - 9*q**2 - q + 6. Suppose 6*i - 21 = 3*i. List the prime factors of j(i).
587
Let d(s) be the second derivative of s**3 + 29*s**2/2 + 6*s. Let p be d(-4). Suppose 2*f - 533 = 3*h - 220, p*f + h - 791 = 0. What are the prime factors of f?
2, 79
Suppose q + 5 = -3*d, d = 2*q - 3*d - 20. Suppose x + 11 = q*x + 2*g, -g + 30 = 5*x. List the prime factors of x.
7
Suppose -2*q = 3*l - 12, 4*q - 56 = l + l. Suppose -y - 2*y = 5*g - q, -4*y = -5*g - 16. Suppose -249 = -y*w + w. What are the prime factors of w?
83
Suppose -5*c + 267 = 4*h, 4*c + 5*h = 15 + 204. Let k = 55 - c. What are the prime factors of (846/15)/(k/10)?
3, 47
Let u = -7201 + 24506. What are the prime factors of u?
5, 3461
Suppose -8*q = -4*q - 2400. Let o = q - 214. What are the prime factors of o?
2, 193
Suppose -151*f + 152*f = -l + 6437, 0 = 2*f - l - 12889. What are the prime factors of f?
2, 3221
List the prime factors of ((-54)/8 + 11 + 1 + -12)*-44.
3, 11
What are the prime factors of 19/((-342)/234) + 30246?
7, 617
Suppose -44 = 2*m - m. List the prime factors of (98/14)/((-1)/m).
2, 7, 11
Let k = 263 - 462. Let v = k + 341. Suppose -4*y + v + 106 = 0. What are the prime factors of y?
2, 31
Let i(y) = y**3 - 43*y**2 + 62*y + 567. List the prime factors of i(47).
109, 113
Let z = -1828 - -19809. What are the prime factors of z?
17981
Let a(n) = 220*n**2 - 57*n + 5. List the prime factors of a(6).
7583
Let b = 36805 + -4063. What are the prime factors of b?
2, 3, 17, 107
Let b = -53944 + 137722. List the prime factors of b.
2, 3, 13963
Suppose 5*m - 5*h + 1585 = 0, -2*m - 3*h - 466 - 173 = 0. Let n = 457 + m. List the prime factors of n.
139
Let i(x) = -x - 16. Let b be i(-20). Suppose -4*u - 84 = -b*t + 64, -3*t = u - 111. What are the prime factors of t?
37
Let y be ((6 - 71)*1/(-1))/1. Let r be 5/(3 - y/22). List the prime factors of r/25 - 4 - (-706)/10.
71
Let i(c) = 4*c**3 - 23*c**2 - 17*c - 21. List the prime factors of i(17).
5, 2539
Let a = -8643 + 16798. List the prime factors of a.
5, 7, 233
Let n = 336 + -331. Suppose -5*k + t = -5195, -2*k + 3*k = n*t + 1039. List the prime factors of k.
1039
Let u(y) be the first derivative of -6*y**2 - 13*y - 25. Let p be u(-5). Let k = 55 + p. List the prime factors of k.
2, 3, 17
Suppose -35028 = -36*o + 32*o - 3*q, 3*o - 3*q = 26292. List the prime factors of o.
2, 3, 5, 73
Let n be (-44)/(-33)*6/(-4)*-3. Suppose n*f - 25 = -1. Suppose f*m + 848 = 12*m. List the prime factors of m.
2, 53
Let w(c) = 9*c**2 + 124*c - 3401. What are the prime factors of w(28)?
7127
Let w = 313 - 289. Suppose -w*q + 960 = -20*q. List the prime factors of q.
2, 3, 5
Suppose -12*c + 39007 + 104990 = -6687. List the prime factors of c.
29, 433
Let v(w) = -125*w**2 - w + 4. Let x be v(-2). What are the prime factors of (x/(-4))/(34/136)?
2, 13, 19
Suppose 16534 + 327 = q + 7*h, 0 = 4*q + 5*h - 67421. What are the prime factors of q?
2, 3, 53
Let t(v) = -v**2 + 2*v + 3. Let h be t(2). Suppose -3*d + 14 = w, -h*w + 14 = 2*d - 0*w. Suppose -3*a + 609 = d*a. What are the prime factors of a?
3, 29
Let x(g) =